test common factor of z and u.
55
Suppose 36 = -5*m + 46. Let p be m/(-4)*(-18 - -10). Suppose -4*l = 2*b - 200, -3*b - p*l + 290 = -0*l. What is the highest common factor of b and 30?
30
Suppose 3*k - 100 = -100. Suppose k = -c - 5 + 33. Calculate the highest common divisor of 84 and c.
28
Suppose -3*f = -2*i - 104, -3*f - 2*i = -70 - 18. Suppose f = 3*j - 43. Calculate the greatest common factor of j and 10.
5
Let j(x) = x**3 - 3*x**2 + 4*x + 13. Let f be j(6). Suppose -2*z + f = -31. What is the highest common divisor of z and 22?
22
Suppose 172*j = 166*j + 1470. What is the greatest common divisor of j and 98?
49
Let i be 1/2 - 9/(-6). Suppose -9*t = -6*t. Suppose t = -2*p - 4*h + 126, i*p - h + 114 = 4*p. Calculate the highest common divisor of p and 5.
5
Let i = 8 + -5. Suppose -2*u = i + 7, a + u - 3 = 0. Suppose -2*n = -5*t - 139, -6*n = -5*n - 3*t - 69. What is the greatest common divisor of n and a?
8
Let p(j) = 4*j - 28. Let r be p(7). Suppose r = 2*s - 6*s + 128. What is the greatest common factor of 128 and s?
32
Let s(x) = -x**2 + 2*x + 16. Let v be s(5). Suppose -3*l + 20 = p + p, -l - 5*p = 2. What is the highest common divisor of l and v?
1
Let d = 23 - 3. Let y = 56 + -26. Calculate the highest common divisor of y and d.
10
Suppose 0 = 6*j - 8*j. Let s = 3 - j. Suppose 3*p = 3*b - 0*p - 15, s*p = 0. Calculate the greatest common divisor of 15 and b.
5
Let c(x) = -50*x - 12. Let i be c(-1). Calculate the greatest common factor of 19 and i.
19
Let n(g) = -2*g**2 + 63*g + 4. Let z be n(28). Calculate the greatest common divisor of z and 40.
40
Suppose -c + 5*c - 540 = -4*x, -675 = -5*c - 3*x. Let k be (8/4 - (-14)/(-4))*-36. What is the highest common factor of k and c?
27
Let s be (-9)/21 - (-228)/42. Suppose 4*u = s*u - 19. What is the greatest common divisor of 38 and u?
19
Let x = -1463 - -1596. Suppose -m - 52 = -4*m - u, -3*m - 2*u + 47 = 0. Calculate the highest common divisor of x and m.
19
Let m be ((-115)/30 - -4) + (-1437)/(-18). Let q = 36 - 20. What is the highest common factor of q and m?
16
Suppose -141*z + 192 = -133*z. Calculate the greatest common divisor of 272 and z.
8
Let l(h) = -h**3 + 22*h**2 + 20*h + 50. Let r be l(23). Let b = r - -25. Calculate the highest common factor of b and 6.
6
Let h = 420 - 145. Calculate the greatest common factor of h and 440.
55
Suppose -2*q = -3*l + q + 141, 5*q - 185 = -5*l. Let h be (84 + -14)/((-2 + 3)*1). What is the highest common divisor of h and l?
14
Let o(s) be the third derivative of -s**4/24 + s**3 - 4*s**2. Let l be o(6). Suppose -2*h + 30 - 2 = l. What is the highest common factor of h and 98?
14
Let q be (-2 + 0)*6/(-4). Suppose -q*v + 5 = -34. Let w = 20 - v. What is the greatest common factor of 63 and w?
7
Let p(t) = t**3 + 7*t**2 - 10*t - 12. Let m be p(-8). Suppose 100 = m*g + 4*d, 0*g + 4*d - 56 = -2*g. Calculate the greatest common divisor of 198 and g.
22
Suppose 16*u - 21*u + 95 = 0. Calculate the greatest common factor of u and 76.
19
Suppose -33*h = -24*h - 36. Suppose -5*p - h*p = -864. Calculate the highest common factor of p and 72.
24
Let s(k) = -19*k**3 + 3*k + 2. Let g(t) = t**3 + 7*t**2 + 4*t - 13. Let w be g(-6). Let a be s(w). What is the greatest common factor of a and 27?
9
Suppose -4*x + 24 = 4*x. Suppose -2*w = -b - 82, 0 = x*w - 4*w + 5*b + 50. What is the greatest common divisor of w and 8?
8
Let q = -4 - -32. Suppose 13 + 22 = 5*g. Calculate the highest common divisor of g and q.
7
Suppose -47*o + 1050 = -32*o. Calculate the greatest common factor of 175 and o.
35
Let u(t) = t**2 + 17*t - 5. Let w = 5 + -22. Let z be u(w). Let y(l) = -l**2 - 6*l + 5. Let i be y(z). Calculate the greatest common factor of 40 and i.
10
Suppose 28 = 3*c + 2*j, -2*c + 22 = j + 2*j. Let t = c + 12. Calculate the greatest common divisor of t and 20.
20
Suppose j - 17 = -1. Let r(h) = 10 + 9*h - 5*h - 3*h + 6*h - 2. Let a be r(j). What is the highest common factor of 12 and a?
12
Let b = 6 - -10. Suppose 37*j - 112 = 30*j. Calculate the highest common divisor of j and b.
16
Suppose -6*j + 9*j - 408 = 0. Suppose -4*v + 0*v - 8 = 0. Let y be (50 - -1)/((-3)/v). Calculate the highest common factor of y and j.
34
Let b(d) = 114*d + 7. Let j be b(1). Calculate the highest common divisor of 3 and j.
1
Let l be (-3)/((-36)/104) - 1/(-3). What is the highest common factor of l and 288?
9
Let v(x) = 23*x + 273. Let u be v(-11). What is the greatest common factor of 260 and u?
20
Let m = 15 - 18. Let r be 13*(3 + (m - -7)). What is the highest common divisor of r and 7?
7
Let m(b) = 2*b**2 - 45*b - 55. Let v be m(28). What is the greatest common divisor of 11 and v?
11
Suppose 6*q - 11*q + 25 = 0. Suppose -p - 2*m + q*m = -15, -5*p - 5 = 5*m. Calculate the highest common factor of p and 12.
3
Suppose -24 = 5*b + 16. Let r be (b + 7)*1*-17. Suppose -3*u - 14 = -4*t - 73, -u + 4*t = -r. Calculate the highest common factor of u and 21.
21
Suppose k - 10 - 2 = 0. Let f(t) = 2*t**3 - 8*t**2 - 8*t + 2. Let i be f(5). What is the greatest common divisor of i and k?
12
Let v be ((-343)/(-98))/((-2)/(-4)). Calculate the highest common divisor of 21 and v.
7
Let y(g) = 119*g**2 - 9*g. Let d be y(1). Calculate the highest common divisor of 10 and d.
10
Let r(i) = i**3 + 6*i**2 + 2*i - 5. Let w be r(-5). Let h = 12 + 156. Suppose 0 = 4*u - h - 192. What is the greatest common divisor of w and u?
10
Let k be 6/(-24) - 90/(-8). Let l be (-1015)/(-2) - (-7)/(-14). Suppose 5*c - l = -y + 4*y, -491 = -5*c - y. What is the greatest common factor of k and c?
11
Suppose -142 = -5*m + 5*x - 2*x, 4*x = 4. What is the greatest common divisor of 3 and m?
1
Let n(t) = t**2 + 7*t + 12. Let f be n(-5). Let r be 1/f*(-15 - -19). Calculate the highest common divisor of r and 22.
2
Let t be (7 + 37)/(-1 - -2). Calculate the greatest common divisor of t and 550.
22
Let m(t) = -3*t**3 - t**2 - 3*t - 1. Let h be -3*(-1 - 2/6). Let v = 2 - h. Let z be m(v). Calculate the greatest common divisor of 5 and z.
5
Let r = 23 + -22. Let k be (-3)/1*(r - 2). Let y be (-5)/15 - (-49)/k. What is the highest common factor of y and 24?
8
Let a = -158 - -194. What is the greatest common factor of 24 and a?
12
Let z(v) = -2 - 3 + 0 - 5*v + 9*v. Let u be z(2). Let s be -2*(-2 + 58/(-4)). What is the greatest common factor of s and u?
3
Suppose -4*h - 20 = 0, 13*l - 3*h = 8*l + 335. Calculate the highest common factor of 544 and l.
32
Suppose -18 - 36 = -3*s. Let p be (-6 - -5) + (-1 - -1) + 3. Suppose -c - 26 = -4*u - 8, -3*c = p*u - 16. Calculate the highest common factor of s and c.
2
Suppose -17*b + 155 = -16*b. Calculate the highest common divisor of b and 31.
31
Let y(f) = -3*f**3 + 4*f + 3. Let j = 21 + -23. Let z be y(j). Calculate the greatest common divisor of z and 19.
19
Let s(t) = -34*t + 193. Let f be s(5). What is the highest common factor of 391 and f?
23
Let q be 4*15/10 + 114. Calculate the highest common divisor of 160 and q.
40
Suppose 0 = 5*c - 0*c - 105. Suppose -c = -8*u + 19. Calculate the highest common factor of u and 45.
5
Suppose 12*y - m = 15*y - 1302, 1736 = 4*y - m. Calculate the greatest common factor of 14 and y.
14
Let d = 7 - -26. Let y be (236/12)/(3/9). Let k = 62 - y. What is the greatest common factor of d and k?
3
Let x be -1 + 4 + (-4 - -5). Suppose z + x + 8 = 0. Let l(m) = -2*m - 14. Let s be l(z). Calculate the highest common factor of s and 70.
10
Let q(x) = -2*x**2 - 8*x + 1. Let c = 58 - 62. Let s be q(c). Calculate the highest common factor of s and 13.
1
Let z be (-2)/2*3/(-1). Suppose 3*i = 4*i + 5*m - 5, 4*i = z*m + 43. Let y = 62 - i. What is the highest common factor of y and 13?
13
Let k be (-1)/((126/(-15))/(-3) + -3). Suppose -2*q + 43 = k*s, 2*q + 2*q = -4*s + 32. Let j be (3/4)/(2/8). Calculate the highest common factor of j and s.
3
Let l = -279 - -286. Let z = -6 + 12. Let n = 1 + z. What is the highest common factor of l and n?
7
Let s(r) = 4*r**3 - 13*r**2 - r - 9. Let c be s(5). What is the greatest common divisor of 56 and c?
7
Let q(o) = 7*o + 3. Let c be q(6). Let r = 1073 - 1068. What is the highest common factor of c and r?
5
Suppose -6*k + 3*k + 936 = 0. Suppose -k = -0*a - 4*a. What is the highest common divisor of a and 13?
13
Let i = 74 + 58.